{"id":137,"date":"2024-06-14T15:42:34","date_gmt":"2024-06-14T18:42:34","guid":{"rendered":"https:\/\/komuna.com.br\/unibal\/?page_id=137"},"modified":"2025-06-09T19:35:37","modified_gmt":"2025-06-09T19:35:37","slug":"hidrometro","status":"publish","type":"page","link":"https:\/\/unibalautomacao.com.br\/index.php\/hidrometro\/","title":{"rendered":"Hidr\u00f4metro\u00a0"},"content":{"rendered":"\t\t<div data-elementor-type=\"wp-page\" data-elementor-id=\"137\" class=\"elementor elementor-137\">\n\t\t\t\t\t\t<section class=\"elementor-section elementor-top-section elementor-element elementor-element-ff62b19 elementor-section-height-min-height elementor-section-boxed elementor-section-height-default elementor-section-items-middle\" data-id=\"ff62b19\" data-element_type=\"section\" data-settings=\"{&quot;background_background&quot;:&quot;classic&quot;}\">\n\t\t\t\t\t\t\t<div class=\"elementor-background-overlay\"><\/div>\n\t\t\t\t\t\t\t<div class=\"elementor-container elementor-column-gap-default\">\n\t\t\t\t\t<div class=\"elementor-column elementor-col-100 elementor-top-column elementor-element elementor-element-15643e4\" data-id=\"15643e4\" data-element_type=\"column\">\n\t\t\t<div class=\"elementor-widget-wrap elementor-element-populated\">\n\t\t\t\t\t\t<div class=\"elementor-element elementor-element-ae8dd44 elementor-widget elementor-widget-heading\" data-id=\"ae8dd44\" data-element_type=\"widget\" data-widget_type=\"heading.default\">\n\t\t\t\t<div class=\"elementor-widget-container\">\n\t\t\t<h2 class=\"elementor-heading-title elementor-size-default\">Hidr\u00f4metro <\/h2>\t\t<\/div>\n\t\t\t\t<\/div>\n\t\t\t\t\t<\/div>\n\t\t<\/div>\n\t\t\t\t\t<\/div>\n\t\t<\/section>\n\t\t\t\t<section class=\"elementor-section elementor-top-section elementor-element elementor-element-497fac9 elementor-section-content-middle elementor-section-boxed elementor-section-height-default elementor-section-height-default\" data-id=\"497fac9\" data-element_type=\"section\" data-settings=\"{&quot;background_background&quot;:&quot;classic&quot;}\">\n\t\t\t\t\t\t<div class=\"elementor-container elementor-column-gap-default\">\n\t\t\t\t\t<div class=\"elementor-column elementor-col-50 elementor-top-column elementor-element elementor-element-b0346e0\" data-id=\"b0346e0\" data-element_type=\"column\">\n\t\t\t<div class=\"elementor-widget-wrap elementor-element-populated\">\n\t\t\t\t\t\t<div class=\"elementor-element elementor-element-f4f2568 elementor-widget elementor-widget-button\" data-id=\"f4f2568\" data-element_type=\"widget\" data-widget_type=\"button.default\">\n\t\t\t\t<div class=\"elementor-widget-container\">\n\t\t\t\t\t<div class=\"elementor-button-wrapper\">\n\t\t\t<a class=\"elementor-button elementor-button-link elementor-size-sm\" href=\"#\">\n\t\t\t\t\t\t<span class=\"elementor-button-content-wrapper\">\n\t\t\t\t\t\t\t\t\t<span class=\"elementor-button-text\">Nossos Produtos e Projetos<\/span>\n\t\t\t\t\t<\/span>\n\t\t\t\t\t<\/a>\n\t\t<\/div>\n\t\t\t\t<\/div>\n\t\t\t\t<\/div>\n\t\t\t\t<div class=\"elementor-element elementor-element-2d3a656 elementor-widget elementor-widget-heading\" data-id=\"2d3a656\" data-element_type=\"widget\" data-widget_type=\"heading.default\">\n\t\t\t\t<div class=\"elementor-widget-container\">\n\t\t\t<h2 class=\"elementor-heading-title elementor-size-default\">Dosadores de \u00e1gua com Emissor de Pulsos\n<\/h2>\t\t<\/div>\n\t\t\t\t<\/div>\n\t\t\t\t<div class=\"elementor-element elementor-element-8ed9007 elementor-widget elementor-widget-text-editor\" data-id=\"8ed9007\" data-element_type=\"widget\" data-widget_type=\"text-editor.default\">\n\t\t\t\t<div class=\"elementor-widget-container\">\n\t\t\t\t\t\t\t<p>Oferecemos hidr\u00f4metros com emissor de pulsos, ideais para aplica\u00e7\u00f5es residenciais e industriais, garantindo precis\u00e3o na medi\u00e7\u00e3o de consumo de \u00e1gua. Nossos hidr\u00f4metros est\u00e3o em conformidade com a norma ABNT NM 212, registrando o consumo diretamente na relojoaria do hidr\u00f4metro.<\/p><div class=\"mp-span5 motopress-span\"><div class=\"scb-sc-el scb-qm-txt motopress-text-obj\"><h3><strong>Multijato<\/strong><\/h3><p>Hidr\u00f4metro para aplica\u00e7\u00f5es residenciais e industriais de medi\u00e7\u00e3o de consumo de \u00e1gua conforme norma ABNT NM 212, com registro do consumo de \u00e1gua diretamente na relojoaria do hidr\u00f4metro.<\/p><h6><strong>Medidas:<\/strong><\/h6><p>1\u201d, 1\u00bd\u201d e 2\u201d<\/p><div class=\"scb-sc-el scb-qm-txt motopress-text-obj\"><p><strong>ACOMPANHA PAINEL DE CONTROLE (OPCIONAL)<\/strong><\/p><\/div><\/div><\/div>\t\t\t\t\t\t<\/div>\n\t\t\t\t<\/div>\n\t\t\t\t<div class=\"elementor-element elementor-element-63cd748 elementor-widget elementor-widget-button\" data-id=\"63cd748\" data-element_type=\"widget\" data-widget_type=\"button.default\">\n\t\t\t\t<div class=\"elementor-widget-container\">\n\t\t\t\t\t<div class=\"elementor-button-wrapper\">\n\t\t\t<a class=\"elementor-button elementor-button-link elementor-size-sm elementor-animation-shrink\" href=\"https:\/\/api.whatsapp.com\/send?phone=5511986238072&#038;text=Ol%C3%A1,%20eu%20vim%20pelo%20site%20e%20gostaria%20de%20solicitar%20um%20or%C3%A7amento.\" target=\"_blank\">\n\t\t\t\t\t\t<span class=\"elementor-button-content-wrapper\">\n\t\t\t\t\t\t<span class=\"elementor-button-icon\">\n\t\t\t\t<svg aria-hidden=\"true\" class=\"e-font-icon-svg e-fab-whatsapp\" viewBox=\"0 0 448 512\" xmlns=\"http:\/\/www.w3.org\/2000\/svg\"><path d=\"M380.9 97.1C339 55.1 283.2 32 223.9 32c-122.4 0-222 99.6-222 222 0 39.1 10.2 77.3 29.6 111L0 480l117.7-30.9c32.4 17.7 68.9 27 106.1 27h.1c122.3 0 224.1-99.6 224.1-222 0-59.3-25.2-115-67.1-157zm-157 341.6c-33.2 0-65.7-8.9-94-25.7l-6.7-4-69.8 18.3L72 359.2l-4.4-7c-18.5-29.4-28.2-63.3-28.2-98.2 0-101.7 82.8-184.5 184.6-184.5 49.3 0 95.6 19.2 130.4 54.1 34.8 34.9 56.2 81.2 56.1 130.5 0 101.8-84.9 184.6-186.6 184.6zm101.2-138.2c-5.5-2.8-32.8-16.2-37.9-18-5.1-1.9-8.8-2.8-12.5 2.8-3.7 5.6-14.3 18-17.6 21.8-3.2 3.7-6.5 4.2-12 1.4-32.6-16.3-54-29.1-75.5-66-5.7-9.8 5.7-9.1 16.3-30.3 1.8-3.7.9-6.9-.5-9.7-1.4-2.8-12.5-30.1-17.1-41.2-4.5-10.8-9.1-9.3-12.5-9.5-3.2-.2-6.9-.2-10.6-.2-3.7 0-9.7 1.4-14.8 6.9-5.1 5.6-19.4 19-19.4 46.3 0 27.3 19.9 53.7 22.6 57.4 2.8 3.7 39.1 59.7 94.8 83.8 35.2 15.2 49 16.5 66.6 13.9 10.7-1.6 32.8-13.4 37.4-26.4 4.6-13 4.6-24.1 3.2-26.4-1.3-2.5-5-3.9-10.5-6.6z\"><\/path><\/svg>\t\t\t<\/span>\n\t\t\t\t\t\t\t\t\t<span class=\"elementor-button-text\">Converse com um Especialista<\/span>\n\t\t\t\t\t<\/span>\n\t\t\t\t\t<\/a>\n\t\t<\/div>\n\t\t\t\t<\/div>\n\t\t\t\t<\/div>\n\t\t\t\t\t<\/div>\n\t\t<\/div>\n\t\t\t\t<div class=\"elementor-column elementor-col-50 elementor-top-column elementor-element elementor-element-394aed4\" data-id=\"394aed4\" data-element_type=\"column\">\n\t\t\t<div class=\"elementor-widget-wrap elementor-element-populated\">\n\t\t\t\t\t\t<section class=\"elementor-section elementor-inner-section elementor-element elementor-element-966f45f elementor-section-full_width elementor-section-height-default elementor-section-height-default\" data-id=\"966f45f\" data-element_type=\"section\">\n\t\t\t\t\t\t<div class=\"elementor-container elementor-column-gap-default\">\n\t\t\t\t\t<div class=\"elementor-column elementor-col-50 elementor-inner-column elementor-element elementor-element-b6adfd2\" data-id=\"b6adfd2\" data-element_type=\"column\">\n\t\t\t<div class=\"elementor-widget-wrap elementor-element-populated\">\n\t\t\t\t\t\t<div class=\"elementor-element elementor-element-83ebd2a elementor-widget elementor-widget-image\" data-id=\"83ebd2a\" data-element_type=\"widget\" data-widget_type=\"image.default\">\n\t\t\t\t<div class=\"elementor-widget-container\">\n\t\t\t\t\t\t\t\t\t\t\t\t\t<img fetchpriority=\"high\" decoding=\"async\" width=\"440\" height=\"544\" src=\"https:\/\/unibalautomacao.com.br\/wp-content\/uploads\/2024\/06\/Dosadores-Agua-Com-Emissor-de-Pulso.png\" class=\"attachment-large size-large wp-image-139\" alt=\"\" srcset=\"https:\/\/unibalautomacao.com.br\/wp-content\/uploads\/2024\/06\/Dosadores-Agua-Com-Emissor-de-Pulso.png 440w, https:\/\/unibalautomacao.com.br\/wp-content\/uploads\/2024\/06\/Dosadores-Agua-Com-Emissor-de-Pulso-243x300.png 243w\" sizes=\"(max-width: 440px) 100vw, 440px\" \/>\t\t\t\t\t\t\t\t\t\t\t\t\t<\/div>\n\t\t\t\t<\/div>\n\t\t\t\t\t<\/div>\n\t\t<\/div>\n\t\t\t\t<div class=\"elementor-column elementor-col-50 elementor-inner-column elementor-element elementor-element-e26639b\" data-id=\"e26639b\" data-element_type=\"column\">\n\t\t\t<div class=\"elementor-widget-wrap elementor-element-populated\">\n\t\t\t\t\t\t<div class=\"elementor-element elementor-element-aecf450 elementor-widget elementor-widget-image\" data-id=\"aecf450\" data-element_type=\"widget\" data-widget_type=\"image.default\">\n\t\t\t\t<div class=\"elementor-widget-container\">\n\t\t\t\t\t\t\t\t\t\t\t\t\t<img decoding=\"async\" src=\"https:\/\/unibalautomacao.com.br\/wp-content\/uploads\/elementor\/thumbs\/Pre-Determinador-Frontal-FINAL-qvw1pd2edxeeymf8mauay9ma4iukr3084s59ftbn7k.png\" title=\"Pr\u00e9-Determinador-Frontal-FINAL\" alt=\"\" loading=\"lazy\" \/>\t\t\t\t\t\t\t\t\t\t\t\t\t<\/div>\n\t\t\t\t<\/div>\n\t\t\t\t\t<\/div>\n\t\t<\/div>\n\t\t\t\t\t<\/div>\n\t\t<\/section>\n\t\t\t\t\t<\/div>\n\t\t<\/div>\n\t\t\t\t\t<\/div>\n\t\t<\/section>\n\t\t\t\t<section class=\"elementor-section elementor-top-section elementor-element elementor-element-24ec6b7 elementor-section-boxed elementor-section-height-default elementor-section-height-default\" data-id=\"24ec6b7\" data-element_type=\"section\" data-settings=\"{&quot;background_background&quot;:&quot;classic&quot;}\">\n\t\t\t\t\t\t<div class=\"elementor-container elementor-column-gap-default\">\n\t\t\t\t\t<div class=\"elementor-column elementor-col-50 elementor-top-column elementor-element elementor-element-b715c70\" data-id=\"b715c70\" data-element_type=\"column\">\n\t\t\t<div class=\"elementor-widget-wrap elementor-element-populated\">\n\t\t\t\t\t\t<div class=\"elementor-element elementor-element-6587cd6 elementor-widget elementor-widget-image\" data-id=\"6587cd6\" data-element_type=\"widget\" data-widget_type=\"image.default\">\n\t\t\t\t<div class=\"elementor-widget-container\">\n\t\t\t\t\t\t\t\t\t\t\t\t\t<img decoding=\"async\" width=\"567\" height=\"490\" src=\"https:\/\/unibalautomacao.com.br\/wp-content\/uploads\/2025\/06\/BannerClientes.png\" class=\"attachment-large size-large wp-image-693\" alt=\"\" srcset=\"https:\/\/unibalautomacao.com.br\/wp-content\/uploads\/2025\/06\/BannerClientes.png 567w, https:\/\/unibalautomacao.com.br\/wp-content\/uploads\/2025\/06\/BannerClientes-300x259.png 300w\" sizes=\"(max-width: 567px) 100vw, 567px\" \/>\t\t\t\t\t\t\t\t\t\t\t\t\t<\/div>\n\t\t\t\t<\/div>\n\t\t\t\t\t<\/div>\n\t\t<\/div>\n\t\t\t\t<div class=\"elementor-column elementor-col-50 elementor-top-column elementor-element elementor-element-a209e11\" data-id=\"a209e11\" data-element_type=\"column\">\n\t\t\t<div class=\"elementor-widget-wrap elementor-element-populated\">\n\t\t\t\t\t\t<div class=\"elementor-element elementor-element-930bb79 elementor-align-left elementor-widget elementor-widget-button\" data-id=\"930bb79\" data-element_type=\"widget\" data-widget_type=\"button.default\">\n\t\t\t\t<div class=\"elementor-widget-container\">\n\t\t\t\t\t<div class=\"elementor-button-wrapper\">\n\t\t\t<a class=\"elementor-button elementor-button-link elementor-size-sm\" href=\"#\">\n\t\t\t\t\t\t<span class=\"elementor-button-content-wrapper\">\n\t\t\t\t\t\t\t\t\t<span class=\"elementor-button-text\">Conhe\u00e7a um pouco da nossa hist\u00f3ria<\/span>\n\t\t\t\t\t<\/span>\n\t\t\t\t\t<\/a>\n\t\t<\/div>\n\t\t\t\t<\/div>\n\t\t\t\t<\/div>\n\t\t\t\t<div class=\"elementor-element elementor-element-30f0680 elementor-widget elementor-widget-heading\" data-id=\"30f0680\" data-element_type=\"widget\" data-widget_type=\"heading.default\">\n\t\t\t\t<div class=\"elementor-widget-container\">\n\t\t\t<h2 class=\"elementor-heading-title elementor-size-default\">Alguns de Nossos Principais Clientes\n<\/h2>\t\t<\/div>\n\t\t\t\t<\/div>\n\t\t\t\t<div class=\"elementor-element elementor-element-6ce5c72 elementor-widget elementor-widget-text-editor\" data-id=\"6ce5c72\" data-element_type=\"widget\" data-widget_type=\"text-editor.default\">\n\t\t\t\t<div class=\"elementor-widget-container\">\n\t\t\t\t\t\t\t<p>Estamos crescendo cada vez mais, diversificando e ampliando nossa carteira de clientes. Aqui est\u00e3o alguns dos nossos principais clientes que confiam em nossos servi\u00e7os.<\/p>\t\t\t\t\t\t<\/div>\n\t\t\t\t<\/div>\n\t\t\t\t<div class=\"elementor-element elementor-element-119c781 elementor-widget elementor-widget-button\" data-id=\"119c781\" data-element_type=\"widget\" data-widget_type=\"button.default\">\n\t\t\t\t<div class=\"elementor-widget-container\">\n\t\t\t\t\t<div class=\"elementor-button-wrapper\">\n\t\t\t<a class=\"elementor-button elementor-button-link elementor-size-sm elementor-animation-shrink\" href=\"https:\/\/api.whatsapp.com\/send?phone=5511986238072&#038;text=Ol%C3%A1,%20eu%20vim%20pelo%20site%20e%20gostaria%20de%20solicitar%20um%20or%C3%A7amento.\" target=\"_blank\">\n\t\t\t\t\t\t<span class=\"elementor-button-content-wrapper\">\n\t\t\t\t\t\t<span class=\"elementor-button-icon\">\n\t\t\t\t<svg aria-hidden=\"true\" class=\"e-font-icon-svg e-fab-whatsapp\" viewBox=\"0 0 448 512\" xmlns=\"http:\/\/www.w3.org\/2000\/svg\"><path d=\"M380.9 97.1C339 55.1 283.2 32 223.9 32c-122.4 0-222 99.6-222 222 0 39.1 10.2 77.3 29.6 111L0 480l117.7-30.9c32.4 17.7 68.9 27 106.1 27h.1c122.3 0 224.1-99.6 224.1-222 0-59.3-25.2-115-67.1-157zm-157 341.6c-33.2 0-65.7-8.9-94-25.7l-6.7-4-69.8 18.3L72 359.2l-4.4-7c-18.5-29.4-28.2-63.3-28.2-98.2 0-101.7 82.8-184.5 184.6-184.5 49.3 0 95.6 19.2 130.4 54.1 34.8 34.9 56.2 81.2 56.1 130.5 0 101.8-84.9 184.6-186.6 184.6zm101.2-138.2c-5.5-2.8-32.8-16.2-37.9-18-5.1-1.9-8.8-2.8-12.5 2.8-3.7 5.6-14.3 18-17.6 21.8-3.2 3.7-6.5 4.2-12 1.4-32.6-16.3-54-29.1-75.5-66-5.7-9.8 5.7-9.1 16.3-30.3 1.8-3.7.9-6.9-.5-9.7-1.4-2.8-12.5-30.1-17.1-41.2-4.5-10.8-9.1-9.3-12.5-9.5-3.2-.2-6.9-.2-10.6-.2-3.7 0-9.7 1.4-14.8 6.9-5.1 5.6-19.4 19-19.4 46.3 0 27.3 19.9 53.7 22.6 57.4 2.8 3.7 39.1 59.7 94.8 83.8 35.2 15.2 49 16.5 66.6 13.9 10.7-1.6 32.8-13.4 37.4-26.4 4.6-13 4.6-24.1 3.2-26.4-1.3-2.5-5-3.9-10.5-6.6z\"><\/path><\/svg>\t\t\t<\/span>\n\t\t\t\t\t\t\t\t\t<span class=\"elementor-button-text\">Converse com um Especialista<\/span>\n\t\t\t\t\t<\/span>\n\t\t\t\t\t<\/a>\n\t\t<\/div>\n\t\t\t\t<\/div>\n\t\t\t\t<\/div>\n\t\t\t\t\t<\/div>\n\t\t<\/div>\n\t\t\t\t\t<\/div>\n\t\t<\/section>\n\t\t\t\t<\/div>\n\t\t","protected":false},"excerpt":{"rendered":"<p>Hidr\u00f4metro Nossos Produtos e Projetos Dosadores de \u00e1gua com Emissor de Pulsos Oferecemos hidr\u00f4metros com emissor de pulsos, ideais para aplica\u00e7\u00f5es residenciais e industriais, garantindo precis\u00e3o na medi\u00e7\u00e3o de consumo de \u00e1gua. Nossos hidr\u00f4metros est\u00e3o em conformidade com a norma ABNT NM 212, registrando o consumo diretamente na relojoaria do hidr\u00f4metro. Multijato Hidr\u00f4metro para aplica\u00e7\u00f5es [&hellip;]<\/p>\n","protected":false},"author":4,"featured_media":0,"parent":0,"menu_order":0,"comment_status":"closed","ping_status":"closed","template":"elementor_header_footer","meta":{"footnotes":""},"class_list":["post-137","page","type-page","status-publish","hentry"],"yoast_head":"<!-- This site is optimized with the Yoast SEO plugin v23.6 - https:\/\/yoast.com\/wordpress\/plugins\/seo\/ -->\n<title>Hidr\u00f4metro com Emissor de Pulsos - Precis\u00e3o e Conformidade<\/title>\n<meta name=\"description\" content=\"Descubra nossos hidr\u00f4metros com emissor de pulsos, ideais para aplica\u00e7\u00f5es residenciais e industriais. Garantimos precis\u00e3o na medi\u00e7\u00e3o.\" \/>\n<meta name=\"robots\" content=\"index, follow, max-snippet:-1, max-image-preview:large, max-video-preview:-1\" \/>\n<link rel=\"canonical\" href=\"https:\/\/unibalautomacao.com.br\/index.php\/hidrometro\/\" \/>\n<meta property=\"og:locale\" content=\"pt_BR\" \/>\n<meta property=\"og:type\" content=\"article\" \/>\n<meta property=\"og:title\" content=\"Hidr\u00f4metro com Emissor de Pulsos - Precis\u00e3o e Conformidade\" \/>\n<meta property=\"og:description\" content=\"Descubra nossos hidr\u00f4metros com emissor de pulsos, ideais para aplica\u00e7\u00f5es residenciais e industriais. Garantimos precis\u00e3o na medi\u00e7\u00e3o.\" \/>\n<meta property=\"og:url\" content=\"https:\/\/unibalautomacao.com.br\/index.php\/hidrometro\/\" \/>\n<meta property=\"og:site_name\" content=\"Uni-bal\" \/>\n<meta property=\"article:modified_time\" content=\"2025-06-09T19:35:37+00:00\" \/>\n<meta property=\"og:image\" content=\"https:\/\/unibalautomacao.com.br\/wp-content\/uploads\/2024\/06\/Dosadores-Agua-Com-Emissor-de-Pulso.png\" \/>\n<meta name=\"twitter:card\" content=\"summary_large_image\" \/>\n<meta name=\"twitter:label1\" content=\"Est. tempo de leitura\" \/>\n\t<meta name=\"twitter:data1\" content=\"2 minutos\" \/>\n<script type=\"application\/ld+json\" class=\"yoast-schema-graph\">{\"@context\":\"https:\/\/schema.org\",\"@graph\":[{\"@type\":\"WebPage\",\"@id\":\"https:\/\/unibalautomacao.com.br\/index.php\/hidrometro\/\",\"url\":\"https:\/\/unibalautomacao.com.br\/index.php\/hidrometro\/\",\"name\":\"Hidr\u00f4metro com Emissor de Pulsos - Precis\u00e3o e Conformidade\",\"isPartOf\":{\"@id\":\"https:\/\/unibalautomacao.com.br\/#website\"},\"primaryImageOfPage\":{\"@id\":\"https:\/\/unibalautomacao.com.br\/index.php\/hidrometro\/#primaryimage\"},\"image\":{\"@id\":\"https:\/\/unibalautomacao.com.br\/index.php\/hidrometro\/#primaryimage\"},\"thumbnailUrl\":\"https:\/\/unibalautomacao.com.br\/wp-content\/uploads\/2024\/06\/Dosadores-Agua-Com-Emissor-de-Pulso.png\",\"datePublished\":\"2024-06-14T18:42:34+00:00\",\"dateModified\":\"2025-06-09T19:35:37+00:00\",\"description\":\"Descubra nossos hidr\u00f4metros com emissor de pulsos, ideais para aplica\u00e7\u00f5es residenciais e industriais. Garantimos precis\u00e3o na medi\u00e7\u00e3o.\",\"breadcrumb\":{\"@id\":\"https:\/\/unibalautomacao.com.br\/index.php\/hidrometro\/#breadcrumb\"},\"inLanguage\":\"pt-BR\",\"potentialAction\":[{\"@type\":\"ReadAction\",\"target\":[\"https:\/\/unibalautomacao.com.br\/index.php\/hidrometro\/\"]}]},{\"@type\":\"ImageObject\",\"inLanguage\":\"pt-BR\",\"@id\":\"https:\/\/unibalautomacao.com.br\/index.php\/hidrometro\/#primaryimage\",\"url\":\"https:\/\/unibalautomacao.com.br\/wp-content\/uploads\/2024\/06\/Dosadores-Agua-Com-Emissor-de-Pulso.png\",\"contentUrl\":\"https:\/\/unibalautomacao.com.br\/wp-content\/uploads\/2024\/06\/Dosadores-Agua-Com-Emissor-de-Pulso.png\",\"width\":440,\"height\":544},{\"@type\":\"BreadcrumbList\",\"@id\":\"https:\/\/unibalautomacao.com.br\/index.php\/hidrometro\/#breadcrumb\",\"itemListElement\":[{\"@type\":\"ListItem\",\"position\":1,\"name\":\"In\u00edcio\",\"item\":\"https:\/\/unibalautomacao.com.br\/\"},{\"@type\":\"ListItem\",\"position\":2,\"name\":\"Hidr\u00f4metro\u00a0\"}]},{\"@type\":\"WebSite\",\"@id\":\"https:\/\/unibalautomacao.com.br\/#website\",\"url\":\"https:\/\/unibalautomacao.com.br\/\",\"name\":\"Uni-bal\",\"description\":\"Sistemas de Pesagem e Automacao\",\"potentialAction\":[{\"@type\":\"SearchAction\",\"target\":{\"@type\":\"EntryPoint\",\"urlTemplate\":\"https:\/\/unibalautomacao.com.br\/?s={search_term_string}\"},\"query-input\":{\"@type\":\"PropertyValueSpecification\",\"valueRequired\":true,\"valueName\":\"search_term_string\"}}],\"inLanguage\":\"pt-BR\"}]}<\/script>\n<!-- \/ Yoast SEO plugin. -->","yoast_head_json":{"title":"Hidr\u00f4metro com Emissor de Pulsos - Precis\u00e3o e Conformidade","description":"Descubra nossos hidr\u00f4metros com emissor de pulsos, ideais para aplica\u00e7\u00f5es residenciais e industriais. Garantimos precis\u00e3o na medi\u00e7\u00e3o.","robots":{"index":"index","follow":"follow","max-snippet":"max-snippet:-1","max-image-preview":"max-image-preview:large","max-video-preview":"max-video-preview:-1"},"canonical":"https:\/\/unibalautomacao.com.br\/index.php\/hidrometro\/","og_locale":"pt_BR","og_type":"article","og_title":"Hidr\u00f4metro com Emissor de Pulsos - Precis\u00e3o e Conformidade","og_description":"Descubra nossos hidr\u00f4metros com emissor de pulsos, ideais para aplica\u00e7\u00f5es residenciais e industriais. Garantimos precis\u00e3o na medi\u00e7\u00e3o.","og_url":"https:\/\/unibalautomacao.com.br\/index.php\/hidrometro\/","og_site_name":"Uni-bal","article_modified_time":"2025-06-09T19:35:37+00:00","og_image":[{"url":"https:\/\/unibalautomacao.com.br\/wp-content\/uploads\/2024\/06\/Dosadores-Agua-Com-Emissor-de-Pulso.png"}],"twitter_card":"summary_large_image","twitter_misc":{"Est. tempo de leitura":"2 minutos"},"schema":{"@context":"https:\/\/schema.org","@graph":[{"@type":"WebPage","@id":"https:\/\/unibalautomacao.com.br\/index.php\/hidrometro\/","url":"https:\/\/unibalautomacao.com.br\/index.php\/hidrometro\/","name":"Hidr\u00f4metro com Emissor de Pulsos - Precis\u00e3o e Conformidade","isPartOf":{"@id":"https:\/\/unibalautomacao.com.br\/#website"},"primaryImageOfPage":{"@id":"https:\/\/unibalautomacao.com.br\/index.php\/hidrometro\/#primaryimage"},"image":{"@id":"https:\/\/unibalautomacao.com.br\/index.php\/hidrometro\/#primaryimage"},"thumbnailUrl":"https:\/\/unibalautomacao.com.br\/wp-content\/uploads\/2024\/06\/Dosadores-Agua-Com-Emissor-de-Pulso.png","datePublished":"2024-06-14T18:42:34+00:00","dateModified":"2025-06-09T19:35:37+00:00","description":"Descubra nossos hidr\u00f4metros com emissor de pulsos, ideais para aplica\u00e7\u00f5es residenciais e industriais. Garantimos precis\u00e3o na medi\u00e7\u00e3o.","breadcrumb":{"@id":"https:\/\/unibalautomacao.com.br\/index.php\/hidrometro\/#breadcrumb"},"inLanguage":"pt-BR","potentialAction":[{"@type":"ReadAction","target":["https:\/\/unibalautomacao.com.br\/index.php\/hidrometro\/"]}]},{"@type":"ImageObject","inLanguage":"pt-BR","@id":"https:\/\/unibalautomacao.com.br\/index.php\/hidrometro\/#primaryimage","url":"https:\/\/unibalautomacao.com.br\/wp-content\/uploads\/2024\/06\/Dosadores-Agua-Com-Emissor-de-Pulso.png","contentUrl":"https:\/\/unibalautomacao.com.br\/wp-content\/uploads\/2024\/06\/Dosadores-Agua-Com-Emissor-de-Pulso.png","width":440,"height":544},{"@type":"BreadcrumbList","@id":"https:\/\/unibalautomacao.com.br\/index.php\/hidrometro\/#breadcrumb","itemListElement":[{"@type":"ListItem","position":1,"name":"In\u00edcio","item":"https:\/\/unibalautomacao.com.br\/"},{"@type":"ListItem","position":2,"name":"Hidr\u00f4metro\u00a0"}]},{"@type":"WebSite","@id":"https:\/\/unibalautomacao.com.br\/#website","url":"https:\/\/unibalautomacao.com.br\/","name":"Uni-bal","description":"Sistemas de Pesagem e Automacao","potentialAction":[{"@type":"SearchAction","target":{"@type":"EntryPoint","urlTemplate":"https:\/\/unibalautomacao.com.br\/?s={search_term_string}"},"query-input":{"@type":"PropertyValueSpecification","valueRequired":true,"valueName":"search_term_string"}}],"inLanguage":"pt-BR"}]}},"_links":{"self":[{"href":"https:\/\/unibalautomacao.com.br\/index.php\/wp-json\/wp\/v2\/pages\/137","targetHints":{"allow":["GET"]}}],"collection":[{"href":"https:\/\/unibalautomacao.com.br\/index.php\/wp-json\/wp\/v2\/pages"}],"about":[{"href":"https:\/\/unibalautomacao.com.br\/index.php\/wp-json\/wp\/v2\/types\/page"}],"author":[{"embeddable":true,"href":"https:\/\/unibalautomacao.com.br\/index.php\/wp-json\/wp\/v2\/users\/4"}],"replies":[{"embeddable":true,"href":"https:\/\/unibalautomacao.com.br\/index.php\/wp-json\/wp\/v2\/comments?post=137"}],"version-history":[{"count":9,"href":"https:\/\/unibalautomacao.com.br\/index.php\/wp-json\/wp\/v2\/pages\/137\/revisions"}],"predecessor-version":[{"id":756,"href":"https:\/\/unibalautomacao.com.br\/index.php\/wp-json\/wp\/v2\/pages\/137\/revisions\/756"}],"wp:attachment":[{"href":"https:\/\/unibalautomacao.com.br\/index.php\/wp-json\/wp\/v2\/media?parent=137"}],"curies":[{"name":"wp","href":"https:\/\/api.w.org\/{rel}","templated":true}]}}